35. Suppose 6*m - 2*i - p = 3*m, i = m - 18. What are the prime factors of m?
2, 7
Let k(p) = 2*p**2 - 2. Suppose 2*v + 0 + 2 = 0. Let j be v - ((-1 - -3) + -1). What are the prime factors of k(j)?
2, 3
Let g(a) = 10*a**2 - 5*a - 1. List the prime factors of g(-2).
7
Let b be (-2)/(-4) + 12/8. Suppose 4*z + 51 = -3*o, 3*o + 2*z + 19 = b*o. Let x = o + 18. What are the prime factors of x?
5
Suppose -2*w = 2*j - 10, j + 0 = 4*w + 5. Suppose w*l = l - 22. Let f = l + -16. List the prime factors of f.
2, 3
Suppose 0 = 3*k + f - 335, -2*k + 5*f = -0*f - 246. List the prime factors of k.
113
Suppose 3*m = -4*z + 28, 4*m - 9 = z + 3. Suppose 10 = 2*x, 29 = z*h + 2*x - 17. Let t = -7 + h. What are the prime factors of t?
2
Let d = -41 - -76. What are the prime factors of d?
5, 7
Let s be 96*-2*3/12. Let q = s - -90. List the prime factors of q.
2, 3, 7
Suppose -4*b - 1 = v + 4, -3*b - 5*v = -9. Let o = -17 - b. List the prime factors of ((-108)/o)/(-3)*-5.
2, 3
Let q(h) = -h**3 + h**2. Let b(l) = -4*l + 2*l - 5*l**2 + l**3 - 8 + 0*l - 4*l**2. Let g(n) = b(n) + 2*q(n). What are the prime factors of g(-7)?
2, 3
Let r be 14/3 + (-6)/9. Let d be -10*(-2 + 14/10). Suppose -r = -2*x + d. List the prime factors of x.
5
Let h(n) = n**2 + 13*n - 17. What are the prime factors of h(-18)?
73
Let j(x) = -x + 9. Let k be j(9). Suppose k = n - 6*n. Suppose -3*w + w + 12 = n. What are the prime factors of w?
2, 3
Let p(k) = 37*k + 3. List the prime factors of p(4).
151
Let i(s) = -s - 2*s - 2 + 3*s - s**3 - s. List the prime factors of i(-2).
2
Suppose 4*z - 207 = -l + 73, 2*z = -4*l + 140. What are the prime factors of z?
2, 5, 7
Let p(f) = f**3 + 5*f**2 - 4*f + 4. Let v be p(-6). Let d = v + 24. What are the prime factors of d?
2
Let d(q) be the first derivative of q**4/4 - 2*q**3/3 + 2*q**2 - 4*q + 2. Let l be d(3). Let c = l + -9. List the prime factors of c.
2
Suppose -2*n = -3*x - 9, -3 + 16 = 4*n - x. Let y(f) be the third derivative of f**4/8 + f**3/2 - 6*f**2. List the prime factors of y(n).
2, 3
List the prime factors of (-77)/(3*1/(-3)).
7, 11
What are the prime factors of 1 + (-7)/((-28)/136)?
5, 7
Let w(m) = -m**3 + 8*m**2 - 5*m - 8. Suppose -g - 3*g + 28 = 0. Let l be w(g). Suppose 2*u - 4*d = 20, l*u - 3*u - 25 = d. List the prime factors of u.
2
Let v = 131 - 31. What are the prime factors of v?
2, 5
Suppose -5*r - 40 + 10 = 0. What are the prime factors of (-3)/6*-2 - r?
7
Suppose 2*x + 112 = -3*x - 4*u, 4*x + 71 = 3*u. Let m be (12/x)/((-1)/15). Suppose 29 = 4*w + m. What are the prime factors of w?
5
Let i = -5 + 47. List the prime factors of i.
2, 3, 7
Suppose -3*l + 2*t - 176 = -2*t, -3*t = l + 37. Let q = -20 - l. List the prime factors of q.
2
Let j(v) = 2*v + 1. Let h = 12 + -9. Suppose m = h*m - 2*q, 3*q - 16 = -m. List the prime factors of j(m).
3
Let q(o) be the second derivative of o**3/6 + 3*o**2/2 - 6*o. List the prime factors of q(12).
3, 5
Let v(h) = 213*h**2 + 1. What are the prime factors of v(1)?
2, 107
Suppose 3*y + 2884 = 17*y. What are the prime factors of y?
2, 103
Let i be ((-12)/10)/(6/30). Let d = -2 - i. What are the prime factors of d?
2
Let z(o) be the third derivative of o**5/60 - o**3/6 + o**2. Let f be z(2). List the prime factors of (-6)/(0 + f/(-6)).
2, 3
Let w(g) = 4*g + 0*g**2 + 3*g**2 - 1 + 4 + 0. Let m be w(-3). Suppose -j = j - m. What are the prime factors of j?
3
Let i(b) = -13 + 3 + 5*b + 0*b + b**2. Let p = -18 + 11. What are the prime factors of i(p)?
2
Let y(g) = -g**2 + 9*g - 1. Let o = 7 + 0. List the prime factors of y(o).
13
Let m(z) = 35*z + 2. List the prime factors of m(1).
37
Let f(a) = 92*a + 11. List the prime factors of f(2).
3, 5, 13
Let w(j) = j**3 - 8*j**2 + 6*j + 9. Let r be w(7). Suppose -r*n + 38 = 5*t + 2*n, -24 = -3*t - 3*n. Let o = t + 0. What are the prime factors of o?
2, 3
Suppose 3*p - 3*n = 21, -p + 2*n - 6*n - 8 = 0. Suppose 3*h = l + 1, h - p*h = 2*l + 2. Suppose 3*w + 0*w - 36 = h. What are the prime factors of w?
2, 3
Let t(n) = 5*n - 10. Let d = 5 + 2. List the prime factors of t(d).
5
Suppose 0 = 3*y - 4 - 5. Suppose 5*q + b - 157 = -y*b, q = -b + 31. What are the prime factors of q?
3, 11
Suppose 2*m + 12 = 5*m. Suppose m*t = v + 16, 2*v = -t + 6*t - 17. Suppose -t*k = -26 + 6. What are the prime factors of k?
2
Suppose -14 = -2*v + 8. List the prime factors of v.
11
Let t(g) be the third derivative of g**4/8 + g**3/3 + 5*g**2. What are the prime factors of t(1)?
5
Let a be 3*2*(-6)/(-9). Suppose -5*b - 5 = l + a*l, 0 = -l + b + 7. Let j = 12 - l. List the prime factors of j.
3
Let z = 39 + -30. List the prime factors of z.
3
Let c(y) = 23*y - 5. What are the prime factors of c(4)?
3, 29
Let s be (-2 + 2)/(-2 + 1). Let z = s - -2. Suppose -2 = z*u, 7*u + 27 = 2*f + 2*u. List the prime factors of f.
11
Suppose -5 = -5*y - 3*z, -3*y - 3*z = -0 - 3. Let w be -3*y/(-3)*4. Suppose 0 = 2*f - 8 - w. What are the prime factors of f?
2, 3
Suppose -2*p + 78 = p. Let a = p - 17. List the prime factors of a.
3
Let m(r) = 4*r**2 + 5*r + 5. Let s be m(-7). Suppose s = 7*h - 72. List the prime factors of h.
2, 17
Let h(l) = -3*l + 12. What are the prime factors of h(0)?
2, 3
Let p(h) = 6*h - 15. Let y(o) = -4*o + 10. Let q(r) = -5*p(r) - 8*y(r). List the prime factors of q(9).
13
Let r be (2*-1)/(4/(-20)). Suppose -4*c = -r + 2. What are the prime factors of c + -1 - (-20)/4?
2, 3
Suppose g + 5*o = 204, 800 = 4*g - 2*o + 6*o. List the prime factors of g.
199
Let o be (3/(-6))/(2/(-176)). Suppose c + 3*c - 20 = -2*y, -2*y + o = -2*c. What are the prime factors of y?
2, 3
Let l(o) = 2*o - 2. Let d(u) = 3*u - 2. Let w(b) = 3*d(b) - 4*l(b). Suppose -y + 15 = 4*y, -5*n = 5*y - 40. What are the prime factors of w(n)?
7
Suppose -y - 5*c = -2, 5*y - 5*c - 11 = -1. Let f be (2 - y)*(-3)/(-6). What are the prime factors of 12 + f/1 + 0?
2, 3
Let q(g) = g**3 + 10*g**2 + 5. Let u be q(-10). What are the prime factors of (-1)/(u/(-2) + 2)?
2
Suppose 5*z = 6*z - 298. List the prime factors of z.
2, 149
Suppose -2*a = -2*h - 1 - 1, -5 = -5*h. Let s be 0/(-1) + 1 + 9. Suppose -5*p + 3*l + 57 = 0, 3*p - 2*p = a*l + s. List the prime factors of p.
2, 3
Suppose -315 = -5*w + g, 4*g + 9 = 29. What are the prime factors of w?
2
Let q(l) = -l + 9. Let p be (-14)/7 - (-2)/1. What are the prime factors of q(p)?
3
Suppose -2*l + 12 - 4 = 0. Suppose 3*s + k - 50 = -k, -48 = -l*s + 2*k. Suppose 0 = -m + 3*q - 2, m + 3*q = 2*q + s. List the prime factors of m.
2, 5
Suppose -4*s + 9*s - 5*m - 175 = 0, 0 = -s - m + 39. What are the prime factors of s?
37
Let g be 85/10*(-2 + 0). Let b = 32 + g. Let c = b + -7. List the prime factors of c.
2
Suppose 5*g + 12 + 7 = 3*j, 35 = 5*j - 5*g. List the prime factors of j.
2
Let o(z) = 2*z**2 + 17*z + 23. List the prime factors of o(-16).
263
List the prime factors of (-9)/(-3) - (-7 - -1).
3
Suppose -3*k - 2*u = -61 - 216, 0 = -k - 5*u + 88. List the prime factors of k.
3, 31
Let y(t) = t**3 + 14*t**2 - 5*t + 30. What are the prime factors of y(-13)?
2, 3, 11
Let b = -1 - 1. What are the prime factors of (6 - -8) + 0/b?
2, 7
Let x(i) = i**3 + 6*i**2 + 1. Let s be x(-6). Let j(q) = s - 3*q + 2 - 4. What are the prime factors of j(-4)?
11
Let j(f) = f**3 + f**2 + 2*f + 105. What are the prime factors of j(0)?
3, 5, 7
Let d be (-45)/10*(-2)/3. Suppose d*q + 18 = q. Let x = q - -21. What are the prime factors of x?
2, 3
Suppose 3*q - b = 5, -2*b + 7*b - 5 = 0. Suppose 13 = 3*j + u, 5*u = 3 + q. Suppose 0*n - j*n = -8. What are the prime factors of n?
2
Let a = 18 + -6. Let b = a + -9. Suppose 2*r + 2*h + 2 = 0, -b*r + 2*r + 9 = -h. List the prime factors of r.
2
Let h(g) be the second derivative of g**4/6 - g**3/6 - g**2/2 + 3*g. List the prime factors of h(-3).
2, 5
Let o = -4 - -8. Suppose 3*n - 22 = 2*a, -3*n - 5*a - o - 9 = 0. List the prime factors of n.
2
Let u = 15 + -11. Let g(n) = u*n - n + n - 5*n + 5. What are the prime factors of g(-8)?
13
Suppose -10 = 2*f - 4*f. Suppose f*w + 150 = 25. Let o = -14 - w. List the prime factors of o.
11
Let q(l) = -l**2 + 6*l - 3. Let z be q(5). Suppose z*g - 7 = 5. What are the prime factors of g?
2, 3
Suppose -2*a = 12 - 0. Let m(o) = 3*o**2 + 7*o - 6. Let k be m(a). Suppose k = -0*r + 3*r. List the prime factors of r.
2, 5
Suppose